ive a(-24).
6
Let v(d) = -6*d - 48. Give v(-15).
42
Let k(s) = -2*s**2 + 7*s + 15. Give k(-2).
-7
Let k(r) = r + 8. Give k(-14).
-6
Let m(z) = -z**3 - 5*z**2 + 36*z + 23. What is m(-8)?
-73
Let h(x) = -4*x + 7. Calculate h(10).
-33
Let f(q) = -6*q - 210. Determine f(-35).
0
Let r(n) = -21*n**2 - n. Calculate r(1).
-22
Let p(a) = 11*a**2 - 4*a - 9. Determine p(-4).
183
Let f(l) = -l**3 + 8*l**2 - 3*l - 13. Calculate f(7).
15
Let r(h) = h**3 - 4*h**2 - 13*h + 8. Determine r(6).
2
Let k(u) = -5*u - 11. Determine k(-6).
19
Let h(w) = 5*w + 2. Calculate h(2).
12
Let g(o) = -o**2 - 31*o + 155. Determine g(-35).
15
Let z(o) = -o**3 - 3*o**2 - 4*o - 6. Give z(-3).
6
Let k(v) = v**3 - v**2 + 2*v - 3. Determine k(2).
5
Let w(b) = -7*b - 95. Calculate w(-15).
10
Let w(s) = -19*s - 17. Calculate w(-6).
97
Let n(r) = -r**3 - 17*r**2 + 19*r + 13. What is n(-18)?
-5
Let d(p) = -26*p. Give d(-1).
26
Let c(q) = q**2 - 8*q + 18. Determine c(5).
3
Let m(h) = 6*h - 7. Determine m(10).
53
Let d(q) = q**2 - 22*q + 64. What is d(19)?
7
Let y(m) = 67*m - 13. What is y(2)?
121
Let s(l) = 2*l**2 - 54*l - 7. Determine s(27).
-7
Let p(x) = -25*x - 120. Calculate p(-5).
5
Let d(w) = -w**3 + 11*w**2 + 6*w + 10. Determine d(9).
226
Let q(o) = o**2 + 13*o + 7. Determine q(-10).
-23
Let d(b) = -4*b - 51. Calculate d(-12).
-3
Let b(z) = -4*z**2 - 5*z - 11. Determine b(-6).
-125
Let k(r) = -11*r + 22. Give k(3).
-11
Let k(x) = 2*x**2 + 8*x - 7. Calculate k(-4).
-7
Let b(p) = -p**2 + 2*p + 3. Determine b(-2).
-5
Let c(f) = -f**3 - 9*f**2 - 17*f - 8. Give c(-7).
13
Let b(c) = -5*c + 2. Give b(1).
-3
Let y(c) = -42*c**3 + c. What is y(-1)?
41
Let x(f) = -6*f + 5. Give x(-6).
41
Let b(m) = -2*m. Determine b(2).
-4
Let i(t) = -2*t + 32. Give i(13).
6
Let o(s) = -s**2 - 3*s - 1. Give o(-7).
-29
Let j(t) = t**2 - t - 4. What is j(4)?
8
Let u(v) = 2*v**2 + 6*v + 1. Give u(-4).
9
Let n(x) = x**2 - 3*x + 9. Give n(5).
19
Let h(v) = v**2 - 6. What is h(3)?
3
Let j(x) = -x**2 - 10*x + 3. Determine j(-6).
27
Let l(n) = -n**3 + 4*n**2 - 2*n - 4. What is l(4)?
-12
Let r(b) = -6*b**2 - 46*b - 24. What is r(-7)?
4
Let j(l) = l**3 + 10*l**2 + 6*l + 9. Calculate j(-10).
-51
Let c(b) = b - 10. Determine c(5).
-5
Let x(m) = -2*m**2 - 9*m - 14. Give x(-5).
-19
Let p(d) = -d**3 + 12*d**2 + 12*d + 15. Determine p(13).
2
Let a(v) = -2*v**2 - 9*v - 15. Calculate a(0).
-15
Let u(x) = 5*x**2 - 4*x + 2. Calculate u(3).
35
Let g(b) = b**3 + 10*b**2 - 6*b - 2. Determine g(-11).
-57
Let l(f) = -24*f - 159. Give l(-7).
9
Let y(z) = 5*z**2 + 13*z - 14. What is y(-5)?
46
Let x(q) = -3*q + 4. Determine x(2).
-2
Let u(x) = 5*x - 1. Calculate u(-5).
-26
Let n(k) = -71*k - 564. Determine n(-8).
4
Let g(r) = 2*r**3 + 3*r**2 - 10*r - 9. Determine g(-4).
-49
Let k(g) = g**2 + 26*g + 3. Calculate k(-26).
3
Let x(r) = 6*r**2 + 4*r + 2. Determine x(-1).
4
Let i(p) = p**3 - 10*p**2 + p - 5. Calculate i(10).
5
Let y(z) = 16*z - 40. Determine y(2).
-8
Let s(c) = -2*c**3 - 11*c**2 + 22*c + 9. Determine s(-7).
2
Let q(f) = -2*f - 24. Determine q(-14).
4
Let d(m) = -m**3 + 16*m**2 + 81*m - 19. Calculate d(20).
1
Let p(o) = o + 12. Determine p(14).
26
Let l(v) = 5*v**2 - v. What is l(-2)?
22
Let f(t) = -4*t + 3. Determine f(4).
-13
Let h(w) = -w**2 - 11*w + 29. What is h(-13)?
3
Let y(u) = u + 12. Calculate y(-2).
10
Let s(a) = a**3 + 20*a**2 - 24*a - 36. What is s(-21)?
27
Let c(p) = p**3 - 4*p**2 - 4*p. Give c(4).
-16
Let y(t) = -t**3 + t**2 - t - 2. What is y(2)?
-8
Let c(w) = w**2 + 12*w + 8. Determine c(-12).
8
Let r(o) = -22*o - 8. What is r(-3)?
58
Let l(u) = -u**3 - 3*u**2 + 26*u + 82. What is l(-4)?
-6
Let v(c) = c**2 + 12*c - 8. Determine v(-13).
5
Let n(m) = 5*m + 7. Determine n(-16).
-73
Let g(s) = s**2 - 17*s + 58. Calculate g(12).
-2
Let r(j) = -j**3 - 5*j**2 - 3*j + 6. Determine r(-4).
2
Let s(f) = -2*f**2 - 15*f + 9. Give s(-7).
16
Let z(i) = -2*i**2 - 10*i + 30. What is z(-7)?
2
Let r(w) = w**3 + 15*w**2 - 16*w. Calculate r(-16).
0
Let x(o) = -3*o**3 + 2*o**2 + 3. Calculate x(2).
-13
Let c(m) = m**3 + 6*m**2 - 6*m - 4. What is c(-7)?
-11
Let s(f) = -8*f + 29. What is s(-5)?
69
Let d(l) = -5*l**3 - 16*l**2 + 43*l - 2. Give d(-5).
8
Let p(g) = 7*g + 54. What is p(-9)?
-9
Let m(k) = -k**3 - 5*k**2 - 3*k + 2. Give m(-4).
-2
Let k(o) = -o**2 + 8*o + 5. Calculate k(8).
5
Let v(y) = y**3 + 4*y**2 + 4*y - 1. Determine v(-3).
-4
Let f(j) = -2*j**2 - 22*j + 114. What is f(-15)?
-6
Let b(r) = 5*r**2 - 2*r + 3. What is b(2)?
19
Let o(w) = 11*w**2 + 220*w. Give o(-20).
0
Let b(i) = 2*i**2 - 4*i - 6. Determine b(4).
10
Let a(p) = -19*p + 55. Calculate a(3).
-2
Let j(r) = -5*r + 1. What is j(7)?
-34
Let k(u) = 4*u**2 - 3*u - 1. Determine k(-1).
6
Let b(y) = -3*y + 7. Determine b(4).
-5
Let g(i) = -42*i - 930. What is g(-22)?
-6
Let q(f) = f**3 + 2*f**2 + 4*f + 15. Calculate q(-3).
-6
Let n(l) = -5*l**3 + 21*l**2 - 2*l - 9. What is n(4)?
-1
Let n(z) = z**3 + 3*z**2 + 5*z + 5. Determine n(-4).
-31
Let t(b) = -b**3 + 27*b**2 - 28*b + 43. Give t(26).
-9
Let r(d) = d - 6. What is r(7)?
1
Let t(h) = -h**3 + 7*h**2 - 2*h + 8. Calculate t(7).
-6
Let m(h) = -19*h**2 + h + 1. Determine m(-1).
-19
Let y(h) = -27*h + 5. What is y(-2)?
59
Let n(s) = 5*s + 1. What is n(0)?
1
Let d(y) = -21*y - 18. Determine d(-8).
150
Let g(m) = -m**3 - 6*m**2 - 4*m + 1. Determine g(-5).
-4
Let s(l) = -25*l**3 - 2*l**2 + 1. What is s(-1)?
24
Let n(p) = 2*p**2 - 3*p + 1. Give n(3).
10
Let w(x) = -7*x + 9. Give w(2).
-5
Let n(p) = p - 24. Determine n(24).
0
Let d(x) = 3*x**2 + 10*x + 15. Determine d(-5).
40
Let w(c) = 7*c + 5. Determine w(2).
19
Let a(c) = -2*c + 10. Determine a(-7).
24
Let r(f) = f**2 - 3*f - 5. Calculate r(0).
-5
Let i(h) = -h**3 - 8*h**2 - 7*h - 13. Determine i(-7).
-13
Let i(n) = 2*n**2 - 3*n - 11. Determine i(4).
9
Let t(q) = -q**3 - 7*q**2 + 18*q - 2. Calculate t(-9).
-2
Let u(j) = 13*j - 487. Calculate u(37).
-6
Let v(f) = -f**2 + 18*f + 5. Calculate v(14).
61
Let c(r) = r**2 + 7*r - 3. What is c(-7)?
-3
Let t(d) = -2*d**2 - 7*d - 4. Give t(-5).
-19
Let x(h) = h**2 + h - 17. What is x(-5)?
3
Let u(d) = -d**2 + 9*d - 3. Give u(8).
5
Let h(f) = -f**3 - 2*f**2 - 2*f + 2. Determine h(-2).
6
Let k(r) = -5*r + 259. What is k(42)?
49
Let u(z) = -2*z**3 + 16*z**2 + 18*z - 18. Calculate u(9).
-18
Let x(c) = -137*c - 819. Determine x(-6).
3
Let h(g) = -10*g - 9. Give h(-1).
1
Let o(t) = 5*t - 34. Give o(11).
21
Let t(j) = -j + 16. What is t(15)?
1
Let w(s) = -13*s - 150. Give w(-10).
-20
Let q(f) = f**2 + 11*f - 111. What is q(8)?
41
Let s(j) = 11*j + 52. Give s(-5).
-3
Let f(c) = c**3 - 6*c**2 + 2*c + 3. Determine f(4).
-21
Let y(a) = a - 45. Calculate y(18).
-27
Let m(z) = z**3 + 6*z**2 - 16*z - 17. Determine m(-8).
-17
Let w(r) = -10*r - 6. What is w(3)?
-36
Let i(d) = 13*d + 1. What is i(-1)?
-12
Let i(q) = -q**3 - 22*q**2 - 3*q - 50. Give i(-22).
16
Let h(t) = 4*t + 26. Determine h(-10).
-14
Let d(s) = 17*s**2 + 4. What is d(3)?
157
Let u(b) = -5*b - 30. What is u(-5)?
-5
Let k(o) = 6*o + 4. Determine k(-2).
-8
Let c(z) = z**2 + 6*z + 12. What is c(-8)?
28
Let t(d) = d**3 - 30*d**2 + 81*d. Determine t(27).
0
Let g(m) = 5*m - 4. Determine g(3).
11
Let c(o) = -o**3 - 4*o**2 + 5*o - 2. Determine c(-5).
-2
Let j(o) = o**3 + 18*o**2 - o - 30. What is j(-18)?
-12
Let o(n) = 5*n**3 + 32*n**2 + 11*n + 1. Determine o(-6).
7
Let w(a) = 3*a + 2. Give w(1).
5
Let k(b) = -b**2 + 6*b - 5. Give k(6).
-5
Let w(p) = p**3 - 4*p**2 + 5*p - 4. Determine w(2).
-2
Let a(w) = -43*w**3 + 2*w - 2. What is a(1)?
-43
Let p(a) = a**3 - 9*a**2 - 6*a + 7. Give p(10).
47
Let j(v) = 3*v - 3. Determine j(5).
12
Let o(k) = 2*k - 10. What is o(10)?
10
Let c(i) = i**2 + 17*i + 20. Determine c(-8).
-52
Let v(r) = -3*r - 4. Give v(-9).
23
Let k(n) = -n**3 + 8*n**2 + 2*n - 8. Give k(8).
8
Let q(i) = i**3 - 14*i**2 - i + 24. Give q(14).
10
Let i(v) = -5*v - 6. Calculate i(0).
-6
Let o(s) = s**2 + 6*s - 23. Give o(4).
17
Let f(q) = 2*q**3 + 3*q**2 - 2*q - 5. What is f(-3)?
-26
Let t(x) = 3*x**3 - 3*x**2 + x + 1. Give t(2).
15
Let c(g) = g**3 - g**2 + g - 22. Determine c(0).
-22
Let s(q) = 3*q - 20. Calculate s(9).
7
Let o(g) = -g**3 - 2*g**2. Determine o(-2).
0
Let y(r) = 9*r - 1. What is y(-1)?
-10
Let i(t) = -2*t + 4. What is i(6)?
-8
Let d(y) = -2*y**2 + 29. Determine d(0)